
False
Does 21 divide 10089?
False
Is 1365 a multiple of 5?
True
Does 15 divide 10736?
False
Is 632 a multiple of 5?
False
Is 323 a multiple of 7?
False
Is 20 a factor of 1969?
False
Does 19 divide 558?
False
Does 8 divide 28584?
True
Is 54 a multiple of 7?
False
Is 89 a factor of 5001?
False
Does 21 divide 2310?
True
Does 3 divide 41?
False
Is 266 a multiple of 4?
False
Is 133 a factor of 10806?
False
Is 4 a factor of 1740?
True
Is 4 a factor of 867?
False
Is 3240 a multiple of 10?
True
Is 667 a multiple of 12?
False
Is 43 a factor of 1232?
False
Is 6 a factor of 3016?
False
Is 11 a factor of 6897?
True
Is 196 a multiple of 13?
False
Does 29 divide 957?
True
Is 25825 a multiple of 31?
False
Is 23 a factor of 4416?
True
Is 144 a factor of 48960?
True
Does 11 divide 7590?
True
Is 121 a factor of 25765?
False
Is 800 a multiple of 10?
True
Does 72 divide 4091?
False
Does 20 divide 5920?
True
Does 27 divide 5103?
True
Is 44 a factor of 2409?
False
Is 14 a factor of 22225?
False
Is 13 a factor of 169?
True
Is 6112 a multiple of 86?
False
Is 5236 a multiple of 22?
True
Does 2 divide 198?
True
Is 310 a multiple of 10?
True
Is 24675 a multiple of 81?
False
Is 2929 a multiple of 101?
True
Is 14 a factor of 57?
False
Does 14 divide 433?
False
Does 53 divide 771?
False
Does 32 divide 544?
True
Is 1767 a multiple of 57?
True
Does 30 divide 1052?
False
Is 89 a factor of 31625?
False
Does 36 divide 9176?
False
Is 56 a factor of 26488?
True
Is 60 a factor of 38643?
False
Is 29 a multiple of 20?
False
Does 62 divide 310?
True
Does 39 divide 982?
False
Does 40 divide 13320?
True
Is 42 a factor of 9441?
False
Is 12 a factor of 4896?
True
Does 63 divide 126?
True
Is 10 a factor of 1310?
True
Is 6448 a multiple of 26?
True
Is 2784 a multiple of 96?
True
Is 1234 a multiple of 11?
False
Is 34 a factor of 816?
True
Is 151 a factor of 23958?
False
Is 84 a factor of 2944?
False
Does 9 divide 99?
True
Is 26 a factor of 28106?
True
Is 508 a multiple of 16?
False
Is 5 a factor of 235?
True
Does 101 divide 34946?
True
Is 5440 a multiple of 31?
False
Is 3 a factor of 5011?
False
Does 9 divide 396?
True
Does 19 divide 1121?
True
Is 576 a multiple of 15?
False
Is 4549 a multiple of 10?
False
Is 18 a factor of 4500?
True
Does 4 divide 3722?
False
Is 240 a multiple of 40?
True
Is 429 a multiple of 13?
True
Does 62 divide 2542?
True
Does 58 divide 394?
False
Does 2 divide 262?
True
Is 58512 a multiple of 212?
True
Is 5835 a multiple of 44?
False
Is 74 a factor of 11914?
True
Does 13 divide 1919?
False
Does 4 divide 1080?
True
Is 18 a factor of 42?
False
Is 6 a factor of 351?
False
Does 26 divide 5495?
False
Does 24 divide 8088?
True
Is 4 a factor of 931?
False
Does 28 divide 1326?
False
Does 9 divide 1035?
True
Does 25 divide 3072?
False
Does 64 divide 2915?
False
Is 72 a factor of 3456?
True
Is 22464 a multiple of 78?
True
Does 48 divide 75?
False
Is 73 a factor of 14016?
True
Does 8 divide 1192?
True
Is 77748 a multiple of 38?
True
Is 144 a multiple of 18?
True
Is 57 a factor of 2216?
False
Is 2512 a multiple of 48?
False
Is 30687 a multiple of 17?
False
Does 48 divide 1385?
False
Is 44 a multiple of 44?
True
Is 183 a factor of 9150?
True
Is 26965 a multiple of 5?
True
Does 14 divide 252?
True
Is 4 a factor of 879?
False
Is 27 a factor of 3564?
True
Is 34715 a multiple of 53?
True
Is 212 a factor of 16960?
True
Is 912 a multiple of 19?
True
Does 3 divide 2564?
False
Is 209 a multiple of 15?
False
Does 4 divide 1955?
False
Is 18216 a multiple of 69?
True
Is 2199 a multiple of 10?
False
Does 11 divide 1892?
True
Is 37 a factor of 1369?
True
Does 15 divide 14720?
False
Is 95 a multiple of 13?
False
Is 66 a factor of 4224?
True
Is 25158 a multiple of 125?
False
Does 21 divide 3906?
True
Is 32 a factor of 4480?
True
Is 1211 a multiple of 22?
False
Does 9 divide 7129?
False
Does 5 divide 419?
False
Does 41 divide 1213?
False
Is 585 a multiple of 8?
False
Does 68 divide 11152?
True
Is 849 a multiple of 5?
False
Does 37 divide 826?
False
Does 80 divide 4480?
True
Is 69 a factor of 11083?
False
Is 27 a factor of 1395?
False
Is 201 a factor of 10380?
False
Is 14 a factor of 37576?
True
Does 19 divide 4009?
True
Is 84592 a multiple of 17?
True
Is 3650 a multiple of 25?
True
Is 20 a factor of 1860?
True
Does 81 divide 102222?
True
Is 111 a factor of 12099?
True
Is 1451 a multiple of 15?
False
Is 153 a multiple of 12?
False
Does 18 divide 108?
True
Is 660 a multiple of 55?
True
Is 7190 a multiple of 47?
False
Is 38 a factor of 1748?
True
Does 55 divide 110?
True
Is 26760 a multiple of 70?
False
Does 16 divide 9632?
True
Does 73 divide 3017?
False
Is 980 a multiple of 10?
True
Is 18504 a multiple of 9?
True
Is 2403 a multiple of 31?
False
Is 52300 a multiple of 25?
True
Is 39 a factor of 586?
False
Does 11 divide 26884?
True
Does 16 divide 5264?
True
Does 61 divide 366?
True
Is 2 a factor of 32?
True
Does 37 divide 666?
True
Is 96 a factor of 11904?
True
Is 17892 a multiple of 36?
True
Is 22 a factor of 7392?
True
Does 28 divide 56?
True
Is 16906 a multiple of 214?
True
Does 15 divide 4735?
False
Does 62 divide 11975?
False
Is 162 a factor of 16485?
False
Is 11260 a multiple of 20?
True
Is 51 a multiple of 21?
False
Does 16 divide 925?
False
Does 61 divide 9337?
False
Does 282 divide 14382?
True
Is 4030 a multiple of 31?
True
Is 101719 a multiple of 14?
False
Is 985 a multiple of 7?
False
Is 153 a multiple of 2?
False
Is 21060 a multiple of 30?
True
Is 1148 a multiple of 6?
False
Does 47 divide 3337?
True
Does 11 divide 3287?
False
Does 28 divide 9415?
False
Does 17 divide 142873?
False
Does 5 divide 2795?
True
Is 51 a factor of 7636?
False
Does 192 divide 192?
True
Does 6 divide 258?
True
Is 56903 a multiple of 147?
False
Does 22 divide 26?
False
Is 1056 a multiple of 22?
True
Is 1641 a multiple of 7?
False
Is 6645 a multiple of 40?
False
Does 7 divide 8008?
True
Does 9 divide 246?
False
Is 10166 a multiple of 23?
True
Is 175 a factor of 5425?
True
Does 2 divide 77?
False
Does 18 divide 2749?
False
Does 19 divide 868?
False
Is 16 a factor of 1664?
True
Is 247 a multiple of 6?
False
Does 9 divide 673?
False
Is 80 a factor of 8860?
False
Does 23 divide 598?
True
Is 23 a factor of 9959?
True
Is 16740 a multiple of 24?
False
Is 103 a factor of 12669?
True
Is 9 a factor of 25716?
False
Is 16 a factor of 368?
True
Is 11700 a multiple of 75?
True
Is 127 a factor of 4919?
False
Is 22 a factor of 1606?
True
Is 16065 a multiple of 135?
True
Is 9 a factor of 179?
False
Is 25 a factor of 9620?
False
Does 10 divide 9178?
False
Does 10 divide 2688?
False
Is 67 a factor of 871?
True
Is 45 a factor of 1800?
True
Is 35532 a multiple of 94?
True
Is 5 a factor of 1440?
True
Is 1708 a multiple of 35?
False
Does 7 divide 376?
False
Is 445 a multiple of 5?
True
Does 169 divide 10116?
False
Is 714 a multiple of 66?
False
Is 30 a factor of 1041?
False
Does 15 divide 2145?
True
Does 28 divide 808?
False
Is 52 a multiple of 4?
True
Is 33 a factor of 10884?
False
Is 87 a factor of 26500?
False
Is 117 a multiple of 42?
False
Is 43 a factor of 671?
False
Does 96 divide 9216?
True
Is 4650 a multiple of 30?
True
Is 1290 a multiple of 36?
False
Is 29 a factor of 44660?
True
Is 33 a factor of 825?
True
Is 2400 a multiple of 12?
True
Is 418 a multiple of 13?
False
Does 21 divide 84?
True
Is 72 a factor of 8196?
False
Is 1496 a multiple of 68?
True
Does 21 divide 8766?
False
Is 4004 a multiple of 14?
True
Is 486 a multiple of 9?
True
Is 607 a multiple of 44?
False
Is 11500 a multiple of 157?
False
Is 16 a factor of 11024?
True
Is 28 a factor of 8078?
False
Is 13339 a multiple of 2?
False
Is 52136 a multiple of 232?
False
Is 1330 a multiple of 95?
True
Is 65 a factor of 3900?
True
Does 102 divide 1326?
True
Does 55 divide 1244?
False
Is 18029 a multiple of 26?
False
Is 236 a multiple of 4?
True
Is 119 a multiple of 15?
False
Is 3465 a multiple of 35?
True
Is 9 a factor of 5932?
False
Is 24 a factor of 25848?
True
Is 120 a multiple of 30?
True
Is 12564 a multiple of 9?
True
Is 112 a factor of 19152?
True
Does 185 divide 20350?
True
Is 83 a multiple of 3?
False
Is 427 even?
False
Is 462 a multiple of 16?
False
Is 21 a factor of 1638?
True
Is 5176 a multiple of 15?
False
Is 857 a multiple of 7?
False
Is 23 a factor of 477